{"id":194,"date":"2025-10-22T14:39:02","date_gmt":"2025-10-22T12:39:02","guid":{"rendered":"http:\/\/louisette-cantine.fr\/?page_id=194"},"modified":"2026-04-03T17:15:27","modified_gmt":"2026-04-03T15:15:27","slug":"menu-de-la-semaine","status":"publish","type":"page","link":"https:\/\/louisette-cantine.fr\/?page_id=194","title":{"rendered":"Menu de la semaine"},"content":{"rendered":"<section id=\"sp-c8hvw1ahkm5f\" data-mobile-visibility=\"#sp-c8hvw1ahkm5f|false\" data-tablet-visibility=\"#sp-c8hvw1ahkm5f|false\" data-desktop-visibility=\"#sp-c8hvw1ahkm5f|false\" data-mobile-css=\"\" data-tablet-css=\"\" class=\"sp-el-section  spBgcover\" style=\"width: 100%; max-width: 100%; padding: 10px;\">\n<div id=\"sp-km6xzz2piin\" data-mobile-visibility=\"#sp-km6xzz2piin|false\" data-tablet-visibility=\"#sp-km6xzz2piin|false\" data-desktop-visibility=\"#sp-km6xzz2piin|false\" data-mobile-css=\"\" data-tablet-css=\"\" class=\"sp-el-row sp-w-full  sp-m-auto spBgcover sm:sp-flex sp-justify-between\" style=\"padding: 0px; width: auto; max-width: 1000px;\">\n<div id=\"sp-i2ae2bvlftw2\" data-mobile-visibility=\"#sp-i2ae2bvlftw2|false\" data-tablet-visibility=\"#sp-i2ae2bvlftw2|false\" data-desktop-visibility=\"#sp-i2ae2bvlftw2|false\" data-mobile-css=\"\" data-tablet-css=\"\" class=\"sp-el-col  spBgcover sp-w-full\" style=\"width: calc(23% - 0px);\">\n<figure id=\"sp-u63pdogvt7id\" data-mobile-css=\"#sp-u63pdogvt7id|text-align:center;\" data-tablet-css=\"#sp-u63pdogvt7id|text-align:center;\" class=\"sp-image-wrapper sp-el-block\" style=\"margin: 4px 0px 0px; text-align: center;\">\n<div><span><img fetchpriority=\"high\" decoding=\"async\" src=\"https:\/\/louisette-cantine.fr\/wp-content\/uploads\/2025\/08\/Louisette-Logo.png\" alt=\"\" width=\"500\" height=\"500\" data-dynamic-tag=\"\" data-image-src=\"wpmedia\" data-mobile-visibility=\".sp-image-block-u63pdogvt7id|false\" data-tablet-visibility=\".sp-image-block-u63pdogvt7id|false\" data-desktop-visibility=\".sp-image-block-u63pdogvt7id|false\" srcset=\" https:\/\/louisette-cantine.fr\/wp-content\/uploads\/2025\/08\/Louisette-Logo-150x150.png 150w, https:\/\/louisette-cantine.fr\/wp-content\/uploads\/2025\/08\/Louisette-Logo-300x300.png 300w, https:\/\/louisette-cantine.fr\/wp-content\/uploads\/2025\/08\/Louisette-Logo.png 500w\" class=\"sp-image-block-u63pdogvt7id custom-preview-class\" style=\"width: 50px;\"><\/span><\/div>\n<div id=\"sp-image-dynamic-tags-js-u63pdogvt7id\"><script>jQuery(function() { image_dynamic_tags('u63pdogvt7id' );});<\/script><\/div>\n<\/figure>\n<\/div>\n<div id=\"sp-itrcwgbltjrc\" data-mobile-visibility=\"#sp-itrcwgbltjrc|false\" data-tablet-visibility=\"#sp-itrcwgbltjrc|false\" data-desktop-visibility=\"#sp-itrcwgbltjrc|false\" data-mobile-css=\"\" data-tablet-css=\"\" class=\"sp-el-col  spBgcover sp-w-full\" style=\"width: calc(52% - 0px);\">\n<div id=\"sp-efi37ojv4wea\" data-mobile-css=\"#sp-efi37ojv4wea .nav-menu .menu-item |text-align:center;width:100%\" data-tablet-css=\"#sp-efi37ojv4wea .nav-menu .menu-item |text-align:center\" data-mobile-visibility=\".sp-nav-menu-block-efi37ojv4wea|false\" data-tablet-visibility=\".sp-nav-menu-block-efi37ojv4wea|false\" data-desktop-visibility=\".sp-nav-menu-block-efi37ojv4wea|false\" class=\"sp-nav sp-flex sp-el-block sp-justify-end sp-nav-menu-block-efi37ojv4wea\" style=\"margin: 12px 0px 0px;\">\n<style type=\"text\/css\" data-mobile-css=\"\" data-tablet-css=\"#sp-efi37ojv4wea|justify-content:center\"><\/style>\n<style type=\"text\/css\" data-mobile-css=\"#sp-efi37ojv4wea ul li a |text-align:center\" data-tablet-css=\"#sp-efi37ojv4wea ul li a |text-align:center\"><\/style>\n<style type=\"text\/css\" data-mobile-css=\"\"><\/style>\n<style type=\"text\/css\" data-mobile-css=\"#sp-efi37ojv4wea .nav-bar |align-items:center\"><\/style>\n<style type=\"text\/css\">     #sp-efi37ojv4wea .seedprod-menu-horizontal .nav-menu .menu-item ,#sp-efi37ojv4wea .seedprod-menu-horizontal .nav-menu .seedprod-menu-heading , #sp-efi37ojv4wea .seedprod-menu-separator {padding:0px 13px}      #sp-efi37ojv4wea .nav-menu ul.sub-menu {box-shadow:0 25px 50px -12px rgba(0, 0, 0, 0.25)}      #sp-efi37ojv4wea ul li a {}      #sp-efi37ojv4wea .seedprod-menu-horizontal .nav-menu .separator.menu-item { padding:0px; }      #sp-efi37ojv4wea .custom-restricted-width .menu-item{padding:13px 0px}      #sp-efi37ojv4wea .seedprod-menu-list li a {text-align:right}     #sp-efi37ojv4wea .seedprod-menu-list li{text-align:right}      #sp-efi37ojv4wea .seedprod-menu-list li a:hover {text-align:right}      #sp-efi37ojv4wea .sub-menu {border-radius:6px;padding:4px 4px 4px 4px }      #sp-efi37ojv4wea .sub-menu a {}      #sp-efi37ojv4wea ul.seedprod-menu-list ul.sub-menu li a:hover{}      #sp-efi37ojv4wea .bar{background-color:;}   <\/style>\n<div class=\"sp-nested-nav-wrapper h sp-nav-class\">\n<div class=\"seedprod-menu seedprod-menu-builder seedprod-menu-horizontal sp-mobile-menu-false\">\n<div class=\"\">\n<nav class=\"nav-bar\">\n<div class=\"hamburger\"><span class=\"bar\"><\/span><span class=\"bar\"><\/span><span class=\"bar\"><\/span><\/div>\n<div class=\"nav-menu\">\n<div>               <div class=\"nav-menu-bar\"><ul id=\"menu-menu\" class=\"seedprod-menu-list\"><li id=\"menu-item-185\" class=\"menu-item menu-item-type-post_type menu-item-object-page menu-item-185\"><a href=\"https:\/\/louisette-cantine.fr\/?page_id=128\">A propos<\/a><\/li>\n<li id=\"menu-item-203\" class=\"menu-item menu-item-type-post_type menu-item-object-page menu-item-203\"><a href=\"https:\/\/louisette-cantine.fr\/?page_id=194\">Menu de la semaine<\/a><\/li>\n<li id=\"menu-item-187\" class=\"menu-item menu-item-type-post_type menu-item-object-page menu-item-187\"><a href=\"https:\/\/louisette-cantine.fr\/?page_id=173\">Contact<\/a><\/li>\n<li id=\"menu-item-189\" class=\"menu-item menu-item-type-custom menu-item-object-custom menu-item-189\"><a href=\"https:\/\/commande-en-ligne.laddition.com\/commande-en-ligne\/7aLgm_v6tf-QNS9\">Commander<\/a><\/li>\n<\/ul><\/div>             <\/div>\n<div><script> jQuery(document).ready(function(){   initDropdowns(); }); <\/script><\/div>\n<\/div>\n<\/nav>\n<\/div>\n<\/div>\n<\/div>\n<\/div>\n<\/div>\n<div id=\"sp-hd8wanlxqmb\" data-mobile-visibility=\"#sp-hd8wanlxqmb|false\" data-tablet-visibility=\"#sp-hd8wanlxqmb|false\" data-desktop-visibility=\"#sp-hd8wanlxqmb|false\" data-mobile-css=\"\" data-tablet-css=\"\" class=\"sp-el-col  spBgcover sp-w-full\" style=\"width: calc(24% - 0px);\">\n<div id=\"sp-button-parent-i10au7l9pivod\" data-mobile-css=\"#sp-button-parent-i10au7l9pivod|text-align:center;\" data-tablet-css=\"#sp-button-parent-i10au7l9pivod|text-align:center;\" class=\"sp-button-wrapper sp-el-block\" style=\"margin: 4px 0px 0px; text-align: right;\"><a href=\"https:\/\/reservation.laddition.com\/booking\/louisette-cantine#\/date\" id=\"sp-i10au7l9pivod\" data-mobile-css=\"\" data-tablet-css=\"\" data-mobile-visibility=\".sp-button-i10au7l9pivod|false\" data-tablet-visibility=\".sp-button-i10au7l9pivod|false\" data-desktop-visibility=\".sp-button-i10au7l9pivod|false\" target=\"_blank\" rel=\"\" class=\"sp-button sp-css-target sp-text-center sp-inline-block sp-leading-none sp-button-i10au7l9pivod\" style=\"font-size: 18px; background: linear-gradient(-180deg, rgb(229, 57, 53), rgb(218, 32, 28) 90%); color: rgb(255, 255, 255); width: auto; padding: 12px 16px; border-radius: 4px; box-shadow: rgba(255, 255, 255, 0.2) 0px 1px 0px inset;\"><span>R\u00e9server<\/span><\/a><\/div>\n<\/div>\n<\/div>\n<\/section>\n<section id=\"sp-vey2tgawfeki\" data-mobile-visibility=\"#sp-vey2tgawfeki|false\" data-tablet-visibility=\"#sp-vey2tgawfeki|false\" data-desktop-visibility=\"#sp-vey2tgawfeki|false\" data-mobile-css=\"\" data-tablet-css=\"\" class=\"sp-el-section\" style=\"width: 100%; max-width: 100%; padding: 10px;\">\n<div id=\"sp-fnagmiaiu93\" data-mobile-visibility=\"#sp-fnagmiaiu93|false\" data-tablet-visibility=\"#sp-fnagmiaiu93|false\" data-desktop-visibility=\"#sp-fnagmiaiu93|false\" data-mobile-css=\"\" data-tablet-css=\"\" class=\"sp-el-row sp-w-full  sp-m-auto spBgcover sm:sp-flex sp-justify-between\" style=\"padding: 0px; width: auto; max-width: 1000px;\">\n<div id=\"sp-ij6qb46ny89l\" data-mobile-visibility=\"#sp-ij6qb46ny89l|false\" data-tablet-visibility=\"#sp-ij6qb46ny89l|false\" data-desktop-visibility=\"#sp-ij6qb46ny89l|false\" data-mobile-css=\"\" data-tablet-css=\"\" class=\"sp-el-col  spBgcover sp-w-full\" style=\"width: calc(50% - 0px);\">\n<figure id=\"sp-fydvn9u10x9\" data-mobile-css=\"#sp-fydvn9u10x9|text-align:center;\" data-tablet-css=\"#sp-fydvn9u10x9|text-align:center;\" class=\"sp-image-wrapper sp-el-block\" style=\"margin: 20px 0px 0px; text-align: center;\">\n<div><span><img decoding=\"async\" src=\"https:\/\/louisette-cantine.fr\/wp-content\/uploads\/2025\/10\/2025-09-29.jpg\" alt=\"\" width=\"765\" height=\"1020\" data-dynamic-tag=\"\" data-image-src=\"wpmedia\" data-mobile-visibility=\".sp-image-block-fydvn9u10x9|false\" data-tablet-visibility=\".sp-image-block-fydvn9u10x9|false\" data-desktop-visibility=\".sp-image-block-fydvn9u10x9|false\" srcset=\" https:\/\/louisette-cantine.fr\/wp-content\/uploads\/2025\/10\/2025-09-29-150x150.jpg 150w, https:\/\/louisette-cantine.fr\/wp-content\/uploads\/2025\/10\/2025-09-29-225x300.jpg 225w, https:\/\/louisette-cantine.fr\/wp-content\/uploads\/2025\/10\/2025-09-29.jpg 765w\" class=\"sp-image-block-fydvn9u10x9 custom-preview-class\" style=\"width: 765px;\"><\/span><\/div>\n<div id=\"sp-image-dynamic-tags-js-fydvn9u10x9\"><script>jQuery(function() { image_dynamic_tags('fydvn9u10x9' );});<\/script><\/div>\n<\/figure>\n<\/div>\n<div id=\"sp-efpop0is7ql5\" data-mobile-visibility=\"#sp-efpop0is7ql5|false\" data-tablet-visibility=\"#sp-efpop0is7ql5|false\" data-desktop-visibility=\"#sp-efpop0is7ql5|false\" data-mobile-css=\"\" data-tablet-css=\"\" class=\"sp-el-col  spBgcover sp-w-full\" style=\"width: calc(50% - 0px);\"><span href=\"\" target=\"\" rel=\"\" class=\"sp-header-block-link\" style=\"text-decoration: none;\"><\/p>\n<h1 id=\"sp-w0rw6gxcru2e\" data-mobile-css=\".sp-headline-block-w0rw6gxcru2e, #sp-w0rw6gxcru2e, #w0rw6gxcru2e|text-align:center;\" data-tablet-css=\".sp-headline-block-w0rw6gxcru2e, #sp-w0rw6gxcru2e, #w0rw6gxcru2e|text-align:center;\" data-mobile-visibility=\".sp-headline-block-w0rw6gxcru2e|false\" data-tablet-visibility=\".sp-headline-block-w0rw6gxcru2e|false\" data-desktop-visibility=\".sp-headline-block-w0rw6gxcru2e|false\" class=\"sp-css-target sp-el-block sp-headline-block-w0rw6gxcru2e sp-type-header\" style=\"text-align: left; margin: 20px 0px 0px;\">Menu de la semaine<\/h1>\n<p><\/span><\/p>\n<div id=\"sp-n00w7iw4cqma8\" data-mobile-css=\".sp-text-wrapper-n00w7iw4cqma8, #sp-n00w7iw4cqma8, #n00w7iw4cqma8|text-align:left;\" data-tablet-css=\".sp-text-wrapper-n00w7iw4cqma8, #sp-n00w7iw4cqma8, #n00w7iw4cqma8|text-align:left;\" data-mobile-visibility=\".sp-text-wrapper-n00w7iw4cqma8|false\" data-tablet-visibility=\".sp-text-wrapper-n00w7iw4cqma8|false\" data-desktop-visibility=\".sp-text-wrapper-n00w7iw4cqma8|false\" class=\"sp-css-target sp-text-wrapper sp-el-block sp-text-wrapper-n00w7iw4cqma8\" style=\"margin: 0px; text-align: left;\">\n<p data-start=\"194\" data-end=\"497\">Chaque semaine, <strong data-start=\"210\" data-end=\"231\">Louisette Cantine<\/strong> vous propose un <strong data-start=\"248\" data-end=\"268\">menu fait maison<\/strong> pr\u00e9par\u00e9 avec des <strong data-start=\"286\" data-end=\"317\">produits frais et de saison<\/strong>.<br data-start=\"321\" data-end=\"324\">Au programme : un <strong data-start=\"342\" data-end=\"386\">choix d\u2019entr\u00e9es et de desserts gourmands<\/strong>, un <strong data-start=\"391\" data-end=\"406\">plat unique<\/strong> cuisin\u00e9 chaque jour, ou encore une <strong data-start=\"442\" data-end=\"491\">grillade accompagn\u00e9e de frites croustillantes<\/strong>.<\/p>\n<p data-start=\"499\" data-end=\"645\">Que vous d\u00e9jeuniez sur place ou pr\u00e9f\u00e9riez <strong data-start=\"541\" data-end=\"565\">emporter votre repas<\/strong>, profitez d\u2019une <strong data-start=\"582\" data-end=\"626\">cuisine simple, conviviale et savoureuse<\/strong> au c\u0153ur du Mans.<\/p>\n<p data-start=\"647\" data-end=\"772\"><strong data-start=\"650\" data-end=\"718\">Louisette Cantine \u2013 5 ter rue Antoine Becquerel, Le Mans (72100)<\/strong><br data-start=\"718\" data-end=\"721\">Ouvert du <strong data-start=\"731\" data-end=\"770\">lundi au vendredi, de 11h30 \u00e0 14h00<\/strong><\/p>\n<\/div>\n<div id=\"sp-button-parent-t55kez9inn6o\" data-mobile-css=\"#sp-button-parent-t55kez9inn6o|text-align:center;\" data-tablet-css=\"#sp-button-parent-t55kez9inn6o|text-align:center;\" class=\"sp-button-wrapper sp-el-block\" style=\"margin: 0px;\"><a href=\"https:\/\/reservation.laddition.com\/booking\/louisette-cantine#\/date\" id=\"sp-t55kez9inn6o\" data-mobile-css=\"\" data-tablet-css=\"\" data-mobile-visibility=\".sp-button-t55kez9inn6o|false\" data-tablet-visibility=\".sp-button-t55kez9inn6o|false\" data-desktop-visibility=\".sp-button-t55kez9inn6o|false\" target=\"\" rel=\"\" class=\"sp-button sp-css-target sp-text-center sp-inline-block sp-leading-none sp-button-t55kez9inn6o\" style=\"font-size: 22px; background: linear-gradient(-180deg, rgb(229, 57, 53), rgb(218, 32, 28) 90%); color: rgb(255, 255, 255); width: 100%; padding: 16px 20px; border-radius: 4px; box-shadow: rgba(255, 255, 255, 0.2) 0px 1px 0px inset;\"><span>R\u00e9server<\/span><\/a><\/div>\n<\/div>\n<\/div>\n<\/section>\n<section id=\"sp-ks8a8s\" data-mobile-visibility=\"#sp-ks8a8s|false\" data-tablet-visibility=\"#sp-ks8a8s|false\" data-desktop-visibility=\"#sp-ks8a8s|false\" data-mobile-css=\"\" data-tablet-css=\"\" class=\"sp-el-section\" style=\"width: 100%; max-width: 100%; padding: 10px;\">\n<div id=\"sp-vw3kvy\" data-mobile-visibility=\"#sp-vw3kvy|false\" data-tablet-visibility=\"#sp-vw3kvy|false\" data-desktop-visibility=\"#sp-vw3kvy|false\" data-mobile-css=\"\" data-tablet-css=\"\" class=\"sp-el-row sp-w-full  sp-m-auto sm:sp-flex sp-justify-between\" style=\"padding: 0px;\">\n<div id=\"sp-wlzirr\" data-mobile-visibility=\"#sp-wlzirr|false\" data-tablet-visibility=\"#sp-wlzirr|false\" data-desktop-visibility=\"#sp-wlzirr|false\" data-mobile-css=\"\" data-tablet-css=\"\" class=\"sp-el-col  sp-w-full\" style=\"width: calc(33.3333% - 0px);\"><\/div>\n<div id=\"sp-kl6hjq\" data-mobile-visibility=\"#sp-kl6hjq|false\" data-tablet-visibility=\"#sp-kl6hjq|false\" data-desktop-visibility=\"#sp-kl6hjq|false\" data-mobile-css=\"\" data-tablet-css=\"\" class=\"sp-el-col  sp-w-full\" style=\"width: calc(33.3333% - 0px);\">\n<figure id=\"sp-wf5egq\" data-mobile-css=\"#sp-wf5egq|text-align:center;\" data-tablet-css=\"#sp-wf5egq|text-align:center;\" class=\"sp-image-wrapper sp-el-block\" style=\"margin: 0px; text-align: center;\">\n<div><span><img decoding=\"async\" src=\"https:\/\/louisette-cantine.fr\/wp-content\/uploads\/2026\/04\/Louisette-RS225.png\" alt=\"\" width=\"1080\" height=\"1080\" data-dynamic-tag=\"\" data-image-src=\"wpmedia\" data-mobile-visibility=\".sp-image-block-wf5egq|false\" data-tablet-visibility=\".sp-image-block-wf5egq|false\" data-desktop-visibility=\".sp-image-block-wf5egq|false\" srcset=\" https:\/\/louisette-cantine.fr\/wp-content\/uploads\/2026\/04\/Louisette-RS225-150x150.png 150w, https:\/\/louisette-cantine.fr\/wp-content\/uploads\/2026\/04\/Louisette-RS225-300x300.png 300w, https:\/\/louisette-cantine.fr\/wp-content\/uploads\/2026\/04\/Louisette-RS225-1024x1024.png 800w, https:\/\/louisette-cantine.fr\/wp-content\/uploads\/2026\/04\/Louisette-RS225.png 1080w, https:\/\/louisette-cantine.fr\/wp-content\/uploads\/2026\/04\/Louisette-RS225-350x100.png 350w\" class=\"sp-image-block-wf5egq custom-preview-class\" style=\"width: 1080px;\"><\/span><\/div>\n<div id=\"sp-image-dynamic-tags-js-wf5egq\"><script>jQuery(function() { image_dynamic_tags('wf5egq' );});<\/script><\/div>\n<\/figure>\n<\/div>\n<div id=\"sp-s646vb\" data-mobile-visibility=\"#sp-s646vb|false\" data-tablet-visibility=\"#sp-s646vb|false\" data-desktop-visibility=\"#sp-s646vb|false\" data-mobile-css=\"\" data-tablet-css=\"\" class=\"sp-el-col  sp-w-full\" style=\"width: calc(33.3333% - 0px);\">\n<div id=\"sp-button-parent-y1ru3f\" data-mobile-css=\"#sp-button-parent-y1ru3f|text-align:center;\" data-tablet-css=\"#sp-button-parent-y1ru3f|text-align:center;\" class=\"sp-button-wrapper sp-el-block\" style=\"margin: 0px; text-align: center;\"><a href=\"https:\/\/www.instagram.com\/louisette_cantine\/\" id=\"sp-y1ru3f\" data-mobile-css=\"\" data-tablet-css=\"\" data-mobile-visibility=\".sp-button-y1ru3f|false\" data-tablet-visibility=\".sp-button-y1ru3f|false\" data-desktop-visibility=\".sp-button-y1ru3f|false\" target=\"_blank\" rel=\"\" class=\"sp-button sp-css-target sp-text-center sp-inline-block sp-leading-none sp-button-y1ru3f\" style=\"font-size: 22px; width: auto; padding: 16px 20px;\"><span>Conna\u00eetre le menu du jour<\/span><\/a><\/div>\n<\/div>\n<\/div>\n<div id=\"sp-u39u0e\" data-mobile-visibility=\"#sp-u39u0e|false\" data-tablet-visibility=\"#sp-u39u0e|false\" data-desktop-visibility=\"#sp-u39u0e|false\" data-mobile-css=\"\" data-tablet-css=\"\" class=\"sp-el-row sp-w-full  sp-m-auto sm:sp-flex sp-justify-between\" style=\"padding: 0px;\">\n<div id=\"sp-g9khlh\" data-mobile-visibility=\"#sp-g9khlh|false\" data-tablet-visibility=\"#sp-g9khlh|false\" data-desktop-visibility=\"#sp-g9khlh|false\" data-mobile-css=\"\" data-tablet-css=\"\" class=\"sp-el-col  sp-w-full\" style=\"width: calc(33.3333% - 0px);\"><\/div>\n<div id=\"sp-fww8an\" data-mobile-visibility=\"#sp-fww8an|false\" data-tablet-visibility=\"#sp-fww8an|false\" data-desktop-visibility=\"#sp-fww8an|false\" data-mobile-css=\"\" data-tablet-css=\"\" class=\"sp-el-col  sp-w-full\" style=\"width: calc(33.3333% - 0px);\"><\/div>\n<div id=\"sp-ubvaeh\" data-mobile-visibility=\"#sp-ubvaeh|false\" data-tablet-visibility=\"#sp-ubvaeh|false\" data-desktop-visibility=\"#sp-ubvaeh|false\" data-mobile-css=\"\" data-tablet-css=\"\" class=\"sp-el-col  sp-w-full\" style=\"width: calc(33.3333% - 0px);\"><\/div>\n<\/div>\n<\/section>\n","protected":false},"excerpt":{"rendered":"<p>R\u00e9server Menu de la semaine Chaque semaine, Louisette Cantine vous propose un menu fait maison pr\u00e9par\u00e9 avec des produits frais et de saison.Au programme : un choix d\u2019entr\u00e9es et de desserts gourmands, un plat unique cuisin\u00e9 chaque jour, ou encore une grillade accompagn\u00e9e de frites croustillantes. Que vous d\u00e9jeuniez sur place ou pr\u00e9f\u00e9riez emporter votre [&hellip;]<\/p>\n","protected":false},"author":1,"featured_media":0,"parent":0,"menu_order":0,"comment_status":"closed","ping_status":"closed","template":"","meta":{"footnotes":""},"class_list":["post-194","page","type-page","status-publish","hentry"],"jetpack_sharing_enabled":true,"_links":{"self":[{"href":"https:\/\/louisette-cantine.fr\/index.php?rest_route=\/wp\/v2\/pages\/194","targetHints":{"allow":["GET"]}}],"collection":[{"href":"https:\/\/louisette-cantine.fr\/index.php?rest_route=\/wp\/v2\/pages"}],"about":[{"href":"https:\/\/louisette-cantine.fr\/index.php?rest_route=\/wp\/v2\/types\/page"}],"author":[{"embeddable":true,"href":"https:\/\/louisette-cantine.fr\/index.php?rest_route=\/wp\/v2\/users\/1"}],"replies":[{"embeddable":true,"href":"https:\/\/louisette-cantine.fr\/index.php?rest_route=%2Fwp%2Fv2%2Fcomments&post=194"}],"version-history":[{"count":19,"href":"https:\/\/louisette-cantine.fr\/index.php?rest_route=\/wp\/v2\/pages\/194\/revisions"}],"predecessor-version":[{"id":274,"href":"https:\/\/louisette-cantine.fr\/index.php?rest_route=\/wp\/v2\/pages\/194\/revisions\/274"}],"wp:attachment":[{"href":"https:\/\/louisette-cantine.fr\/index.php?rest_route=%2Fwp%2Fv2%2Fmedia&parent=194"}],"curies":[{"name":"wp","href":"https:\/\/api.w.org\/{rel}","templated":true}]}}